{"id":1260,"date":"2024-05-10T17:36:28","date_gmt":"2024-05-10T16:36:28","guid":{"rendered":"https:\/\/trnulja.com\/shop\/?post_type=product&#038;p=1260"},"modified":"2025-11-18T10:26:29","modified_gmt":"2025-11-18T09:26:29","slug":"ekoloska-oluscena-soncnicna-semena-450-gramov","status":"publish","type":"product","link":"https:\/\/trnulja.com\/shop\/izdelek\/ekoloska-oluscena-soncnicna-semena-450-gramov\/","title":{"rendered":"Ekolo\u0161ka olu\u0161\u010dena son\u010dni\u010dna semena 450g"},"content":{"rendered":"<p><span style=\"font-weight: 400\">Okoli na\u0161ega posestva pozno poleti vse raste, cveti in bren\u010di. A \u0161e posebej zaigra srce ob pogledu na \u010dudovite son\u010dnice, ki obra\u010dajo svoje cvetove proti soncu in vpijajo energijo. <\/span><\/p>\n<p><span style=\"font-weight: 400\">Son\u010dnice s Trnulje uspevajo popolnoma v so\u017eitju z naravo, brez gensko spremenjenih organizmov (brez GSO) ali uporabe \u0161kropiv. Pri gojenju se ravnamo po naravnih zakonitostih in starodavnih modrostih na\u0161ih prednikov.<\/span><\/p>\n<p><span style=\"font-weight: 400\">In ko re\u010demo, da je na\u0161 slogan \u201cod njive do mize\u201d, to mislimo popolnoma dobesedno. Transparentno sledljivost zagotavljamo za ves na\u0161 pridelek in enako velja tudi za son\u010dni\u010dna semena.<\/span><\/p>\n<p><span style=\"font-weight: 400\">Olu\u0161\u010dena son\u010dni\u010dna semena vsebujejo precej vitaminov E in K. Vitamin E v na\u0161em telesu deluje kot antioksidant, kar pomeni, da \u0161\u010diti celice pred oksidativnim stresom. Vitamin K pa ima pomembno vlogo pri strjevanju krvi in zdravju kosti.<\/span><\/p>\n<p>&nbsp;<\/p>\n<h2><b>Olu\u0161\u010dena son\u010dni\u010dna semena in uporaba v kulinariki<\/b><\/h2>\n<p><span style=\"font-weight: 400\">Pri poku\u0161anju na\u0161ih olu\u0161\u010denih son\u010dni\u010dnih semen boste takoj zaznali prijeten in aromati\u010den okus. Posebej ga priporo\u010damo za uporabo v hladnih jedeh, npr. v solatnih prelivih, uporabo ob sirih, solatah ali posujete po jedeh. Seveda pa jih lahko brez pomisleka segrejete in dodate kateri koli jedi po va\u0161em izboru, tudi pecivu in kruhu.<\/span><\/p>\n","protected":false},"excerpt":{"rendered":"<ul>\n<li>ekolo\u0161ko<\/li>\n<li>jedilno<\/li>\n<li>trajnostno pridelano<\/li>\n<li>lokalna lastna pridelava<\/li>\n<li>brez dodanih konzervansov<\/li>\n<li>zelo okusno<\/li>\n<li>bogato z vitamini<\/li>\n<\/ul>\n","protected":false},"featured_media":1261,"comment_status":"open","ping_status":"closed","template":"","meta":{"_et_pb_use_builder":"","_et_pb_old_content":"","_et_gb_content_width":""},"product_brand":[],"product_cat":[15,33],"product_tag":[],"class_list":{"0":"post-1260","1":"product","2":"type-product","3":"status-publish","4":"has-post-thumbnail","6":"product_cat-ostalo","7":"product_cat-soncnicna-olja","9":"first","10":"outofstock","11":"shipping-taxable","12":"purchasable","13":"product-type-simple"},"yoast_head":"<!-- This site is optimized with the Yoast SEO plugin v26.4 - https:\/\/yoast.com\/wordpress\/plugins\/seo\/ -->\n<title>Ekolo\u0161ka olu\u0161\u010dena son\u010dni\u010dna semena 450g - Trnulja.com<\/title>\n<meta name=\"robots\" content=\"index, follow, max-snippet:-1, max-image-preview:large, max-video-preview:-1\" \/>\n<link rel=\"canonical\" href=\"https:\/\/trnulja.com\/shop\/izdelek\/ekoloska-oluscena-soncnicna-semena-450-gramov\/\" \/>\n<meta property=\"og:locale\" content=\"sl_SI\" \/>\n<meta property=\"og:type\" content=\"article\" \/>\n<meta property=\"og:title\" content=\"Ekolo\u0161ka olu\u0161\u010dena son\u010dni\u010dna semena 450g - Trnulja.com\" \/>\n<meta property=\"og:description\" content=\"ekolo\u0161ko  jedilno  trajnostno pridelano  lokalna lastna pridelava  brez dodanih konzervansov  zelo okusno  bogato z vitamini\" \/>\n<meta property=\"og:url\" content=\"https:\/\/trnulja.com\/shop\/izdelek\/ekoloska-oluscena-soncnicna-semena-450-gramov\/\" \/>\n<meta property=\"og:site_name\" content=\"Trnuljina spletna trgovina\" \/>\n<meta property=\"article:modified_time\" content=\"2025-11-18T09:26:29+00:00\" \/>\n<meta property=\"og:image\" content=\"https:\/\/trnulja.com\/shop\/wp-content\/uploads\/2024\/05\/Soncnice-oluscene-scaled.jpg\" \/>\n\t<meta property=\"og:image:width\" content=\"1920\" \/>\n\t<meta property=\"og:image:height\" content=\"2560\" \/>\n\t<meta property=\"og:image:type\" content=\"image\/jpeg\" \/>\n<meta name=\"twitter:card\" content=\"summary_large_image\" \/>\n<meta name=\"twitter:label1\" content=\"Est. reading time\" \/>\n\t<meta name=\"twitter:data1\" content=\"2 minuti\" \/>\n<script type=\"application\/ld+json\" class=\"yoast-schema-graph\">{\"@context\":\"https:\/\/schema.org\",\"@graph\":[{\"@type\":\"WebPage\",\"@id\":\"https:\/\/trnulja.com\/shop\/izdelek\/ekoloska-oluscena-soncnicna-semena-450-gramov\/\",\"url\":\"https:\/\/trnulja.com\/shop\/izdelek\/ekoloska-oluscena-soncnicna-semena-450-gramov\/\",\"name\":\"Ekolo\u0161ka olu\u0161\u010dena son\u010dni\u010dna semena 450g - Trnulja.com\",\"isPartOf\":{\"@id\":\"https:\/\/trnulja.com\/shop\/#website\"},\"primaryImageOfPage\":{\"@id\":\"https:\/\/trnulja.com\/shop\/izdelek\/ekoloska-oluscena-soncnicna-semena-450-gramov\/#primaryimage\"},\"image\":{\"@id\":\"https:\/\/trnulja.com\/shop\/izdelek\/ekoloska-oluscena-soncnicna-semena-450-gramov\/#primaryimage\"},\"thumbnailUrl\":\"https:\/\/trnulja.com\/shop\/wp-content\/uploads\/2024\/05\/Soncnice-oluscene-scaled.jpg\",\"datePublished\":\"2024-05-10T16:36:28+00:00\",\"dateModified\":\"2025-11-18T09:26:29+00:00\",\"breadcrumb\":{\"@id\":\"https:\/\/trnulja.com\/shop\/izdelek\/ekoloska-oluscena-soncnicna-semena-450-gramov\/#breadcrumb\"},\"inLanguage\":\"sl-SI\",\"potentialAction\":[{\"@type\":\"ReadAction\",\"target\":[\"https:\/\/trnulja.com\/shop\/izdelek\/ekoloska-oluscena-soncnicna-semena-450-gramov\/\"]}]},{\"@type\":\"ImageObject\",\"inLanguage\":\"sl-SI\",\"@id\":\"https:\/\/trnulja.com\/shop\/izdelek\/ekoloska-oluscena-soncnicna-semena-450-gramov\/#primaryimage\",\"url\":\"https:\/\/trnulja.com\/shop\/wp-content\/uploads\/2024\/05\/Soncnice-oluscene-scaled.jpg\",\"contentUrl\":\"https:\/\/trnulja.com\/shop\/wp-content\/uploads\/2024\/05\/Soncnice-oluscene-scaled.jpg\",\"width\":1920,\"height\":2560},{\"@type\":\"BreadcrumbList\",\"@id\":\"https:\/\/trnulja.com\/shop\/izdelek\/ekoloska-oluscena-soncnicna-semena-450-gramov\/#breadcrumb\",\"itemListElement\":[{\"@type\":\"ListItem\",\"position\":1,\"name\":\"Home\",\"item\":\"https:\/\/trnulja.com\/shop\/\"},{\"@type\":\"ListItem\",\"position\":2,\"name\":\"Trgovina\",\"item\":\"https:\/\/trnulja.com\/shop\/?page_id=6\"},{\"@type\":\"ListItem\",\"position\":3,\"name\":\"Ekolo\u0161ka olu\u0161\u010dena son\u010dni\u010dna semena 450g\"}]},{\"@type\":\"WebSite\",\"@id\":\"https:\/\/trnulja.com\/shop\/#website\",\"url\":\"https:\/\/trnulja.com\/shop\/\",\"name\":\"Trnuljina spletna trgovina\",\"description\":\"\u0160e eno spleti\u0161\u010de WordPress\",\"potentialAction\":[{\"@type\":\"SearchAction\",\"target\":{\"@type\":\"EntryPoint\",\"urlTemplate\":\"https:\/\/trnulja.com\/shop\/?s={search_term_string}\"},\"query-input\":{\"@type\":\"PropertyValueSpecification\",\"valueRequired\":true,\"valueName\":\"search_term_string\"}}],\"inLanguage\":\"sl-SI\"}]}<\/script>\n<!-- \/ Yoast SEO plugin. -->","yoast_head_json":{"title":"Ekolo\u0161ka olu\u0161\u010dena son\u010dni\u010dna semena 450g - Trnulja.com","robots":{"index":"index","follow":"follow","max-snippet":"max-snippet:-1","max-image-preview":"max-image-preview:large","max-video-preview":"max-video-preview:-1"},"canonical":"https:\/\/trnulja.com\/shop\/izdelek\/ekoloska-oluscena-soncnicna-semena-450-gramov\/","og_locale":"sl_SI","og_type":"article","og_title":"Ekolo\u0161ka olu\u0161\u010dena son\u010dni\u010dna semena 450g - Trnulja.com","og_description":"ekolo\u0161ko  jedilno  trajnostno pridelano  lokalna lastna pridelava  brez dodanih konzervansov  zelo okusno  bogato z vitamini","og_url":"https:\/\/trnulja.com\/shop\/izdelek\/ekoloska-oluscena-soncnicna-semena-450-gramov\/","og_site_name":"Trnuljina spletna trgovina","article_modified_time":"2025-11-18T09:26:29+00:00","og_image":[{"width":1920,"height":2560,"url":"https:\/\/trnulja.com\/shop\/wp-content\/uploads\/2024\/05\/Soncnice-oluscene-scaled.jpg","type":"image\/jpeg"}],"twitter_card":"summary_large_image","twitter_misc":{"Est. reading time":"2 minuti"},"schema":{"@context":"https:\/\/schema.org","@graph":[{"@type":"WebPage","@id":"https:\/\/trnulja.com\/shop\/izdelek\/ekoloska-oluscena-soncnicna-semena-450-gramov\/","url":"https:\/\/trnulja.com\/shop\/izdelek\/ekoloska-oluscena-soncnicna-semena-450-gramov\/","name":"Ekolo\u0161ka olu\u0161\u010dena son\u010dni\u010dna semena 450g - Trnulja.com","isPartOf":{"@id":"https:\/\/trnulja.com\/shop\/#website"},"primaryImageOfPage":{"@id":"https:\/\/trnulja.com\/shop\/izdelek\/ekoloska-oluscena-soncnicna-semena-450-gramov\/#primaryimage"},"image":{"@id":"https:\/\/trnulja.com\/shop\/izdelek\/ekoloska-oluscena-soncnicna-semena-450-gramov\/#primaryimage"},"thumbnailUrl":"https:\/\/trnulja.com\/shop\/wp-content\/uploads\/2024\/05\/Soncnice-oluscene-scaled.jpg","datePublished":"2024-05-10T16:36:28+00:00","dateModified":"2025-11-18T09:26:29+00:00","breadcrumb":{"@id":"https:\/\/trnulja.com\/shop\/izdelek\/ekoloska-oluscena-soncnicna-semena-450-gramov\/#breadcrumb"},"inLanguage":"sl-SI","potentialAction":[{"@type":"ReadAction","target":["https:\/\/trnulja.com\/shop\/izdelek\/ekoloska-oluscena-soncnicna-semena-450-gramov\/"]}]},{"@type":"ImageObject","inLanguage":"sl-SI","@id":"https:\/\/trnulja.com\/shop\/izdelek\/ekoloska-oluscena-soncnicna-semena-450-gramov\/#primaryimage","url":"https:\/\/trnulja.com\/shop\/wp-content\/uploads\/2024\/05\/Soncnice-oluscene-scaled.jpg","contentUrl":"https:\/\/trnulja.com\/shop\/wp-content\/uploads\/2024\/05\/Soncnice-oluscene-scaled.jpg","width":1920,"height":2560},{"@type":"BreadcrumbList","@id":"https:\/\/trnulja.com\/shop\/izdelek\/ekoloska-oluscena-soncnicna-semena-450-gramov\/#breadcrumb","itemListElement":[{"@type":"ListItem","position":1,"name":"Home","item":"https:\/\/trnulja.com\/shop\/"},{"@type":"ListItem","position":2,"name":"Trgovina","item":"https:\/\/trnulja.com\/shop\/?page_id=6"},{"@type":"ListItem","position":3,"name":"Ekolo\u0161ka olu\u0161\u010dena son\u010dni\u010dna semena 450g"}]},{"@type":"WebSite","@id":"https:\/\/trnulja.com\/shop\/#website","url":"https:\/\/trnulja.com\/shop\/","name":"Trnuljina spletna trgovina","description":"\u0160e eno spleti\u0161\u010de WordPress","potentialAction":[{"@type":"SearchAction","target":{"@type":"EntryPoint","urlTemplate":"https:\/\/trnulja.com\/shop\/?s={search_term_string}"},"query-input":{"@type":"PropertyValueSpecification","valueRequired":true,"valueName":"search_term_string"}}],"inLanguage":"sl-SI"}]}},"_links":{"self":[{"href":"https:\/\/trnulja.com\/shop\/wp-json\/wp\/v2\/product\/1260","targetHints":{"allow":["GET"]}}],"collection":[{"href":"https:\/\/trnulja.com\/shop\/wp-json\/wp\/v2\/product"}],"about":[{"href":"https:\/\/trnulja.com\/shop\/wp-json\/wp\/v2\/types\/product"}],"replies":[{"embeddable":true,"href":"https:\/\/trnulja.com\/shop\/wp-json\/wp\/v2\/comments?post=1260"}],"wp:featuredmedia":[{"embeddable":true,"href":"https:\/\/trnulja.com\/shop\/wp-json\/wp\/v2\/media\/1261"}],"wp:attachment":[{"href":"https:\/\/trnulja.com\/shop\/wp-json\/wp\/v2\/media?parent=1260"}],"wp:term":[{"taxonomy":"product_brand","embeddable":true,"href":"https:\/\/trnulja.com\/shop\/wp-json\/wp\/v2\/product_brand?post=1260"},{"taxonomy":"product_cat","embeddable":true,"href":"https:\/\/trnulja.com\/shop\/wp-json\/wp\/v2\/product_cat?post=1260"},{"taxonomy":"product_tag","embeddable":true,"href":"https:\/\/trnulja.com\/shop\/wp-json\/wp\/v2\/product_tag?post=1260"}],"curies":[{"name":"wp","href":"https:\/\/api.w.org\/{rel}","templated":true}]}}