{"id":20,"date":"2021-02-02T09:14:48","date_gmt":"2021-02-02T08:14:48","guid":{"rendered":"http:\/\/trnulja.com\/shop\/?post_type=product&#038;p=20"},"modified":"2025-11-18T11:08:56","modified_gmt":"2025-11-18T10:08:56","slug":"ekoloski-koruzni-zdrob-1000-g","status":"publish","type":"product","link":"https:\/\/trnulja.com\/shop\/izdelek\/ekoloski-koruzni-zdrob-1000-g\/","title":{"rendered":"Ekolo\u0161ki koruzni zdrob 1000 g"},"content":{"rendered":"<p>Ekolo\u0161ki koruzni zdrob 1000 g pridelan v Sloveniji iz kontrolirane ekolo\u0161ke pridelave.<\/p>\n<p><strong>Ekolo\u0161ki koruzni zdrob <\/strong>dobimo z mletjem ekolo\u0161ke koruze. Tako dobimo ve\u010dje delce grobo mletega meljaka, ki vsebuje veliko ogljikovih hidratov in malo ma\u0161\u010dob.<\/p>\n<h3>Ekolo\u0161ki koruzni zdrob 1000 g &#8211; uporaba in priprava<\/h3>\n<p>ekolo\u0161ki koruzni zdrob je sestavina polente, ki je tradicionalna slovenska jed in je neko\u010d predstavljala glavni obrok ve\u010dine kme\u010dkih gospodinjstev. Tudi danes jo v slovenski kuhinji pogosto pripravljamo na razli\u010dne na\u010dine. Vedno bolj pa jo uporabljajo tudi v vrhunskih restavracijah kot sestavino, katere okus se nadvse lepo prilega glavnim jedem, prigrizkom pa tudi sladicam.<\/p>\n<p>Koruzni zdrob skuhamo v vreli, rahlo soljeni vodi v razmerju 4 proti 1 (4 enote vode na 1 enoto koruznega zdroba), potem pa na majhnem ognju stalno me\u0161amo cca. 20 minut. Koruzni zdrob lahko skuhamo tudi v mleku, mu dodamo malo sladkorja, vanilije, cimeta, potem pa prelijemo s stopljeno \u010dokolado. Za gurmane se lapo poda tudi stepena sladka smetana.<\/p>\n<p>Kuhan zdrob postre\u017eemo takoj ali pa ga pretresemo v peka\u010d in po\u010dakamo, da se ohladi in strdi.<\/p>\n<p>Shranjujemo ga v suhem prostoru in za\u0161\u010ditimo pred toploto in svetlobo.<\/p>\n<p>Poi\u0161\u010dite &gt; <a href=\"https:\/\/trnulja.com\/polenta\/\">priljubljene recepte za pripravo jedi iz koruznega zdroba<\/a> &lt;<\/p>\n<h3>Pridobivanje ekolo\u0161kega koruznega zdroba<\/h3>\n<p><strong>Ekolo\u0161ki koruzni zdrob<\/strong> 1000 g pridobivamo z mletjem <strong>ekolo\u0161ke koruze<\/strong>, ki ima \u0161tevilne <strong>pozitivne u\u010dinke za zdravje.<\/strong><\/p>\n<h3>Koristni u\u010dinki u\u017eivanja ekolo\u0161ke koruze in ekolo\u0161kega koruznega zdroba<\/h3>\n<p>Raziskave so pokazale, da koruza varuje pred delovanjem prostih radikalov, termi\u010dna obdelava pa ne izni\u010di njene mo\u010di. Hkrati tudi pripomore k varovanju pred rakom debelega \u010drevesa ter boleznimi srca in o\u017eilja. Koruza ob tem zni\u017euje krvni tlak in raven slabega holesterola v krvi, uravnava raven krvnega sladkorja, prepre\u010duje slabokrvnost ter ohranja\u00a0 \u017eiv\u010devje. Zaradi vlaknin izbolj\u0161uje tudi prebavo, zaradi velike koli\u010dine folne kisline, je koruza priporo\u010dljiva <span style=\"background-color: var(--global--color-background);color: var(--global--color-primary);font-family: var(--global--font-secondary);font-size: var(--global--font-size-base)\">tudi <\/span><span style=\"background-color: var(--global--color-background);color: var(--global--color-primary);font-family: var(--global--font-secondary);font-size: var(--global--font-size-base)\">v prehrani nose\u010dnic.\u00a0<\/span><\/p>\n<h3>Kaj vsebuje koruza?<\/h3>\n<ul>\n<li>beljakovine,<\/li>\n<li>veliko sladkorja,<\/li>\n<li>vitamine skupine B,<\/li>\n<li>vitamin C,<\/li>\n<li>kalij,<\/li>\n<li>fosfor ter<\/li>\n<li>primerno hranilno vrednost.<\/li>\n<\/ul>\n<p>Koruza je izjemno bogata s hranili in ima nizek glikemi\u010dni indeks. Zmleta v <strong>ekolo\u0161ki koruzni zdrob<\/strong> ali ekolo\u0161ko koruzno moko je priljubljena sestavina raznovrstnih jedi.<\/p>\n<p>&nbsp;<\/p>\n","protected":false},"excerpt":{"rendered":"<ul>\n<li>zagotovljena sledljivost od njive do mize<\/li>\n<li>ekolo\u0161ko certificirano<\/li>\n<li>brez dodanih konzervansov<\/li>\n<li>mleto na mlin, kjer se ne melje glutenskih \u017eit<\/li>\n<\/ul>\n","protected":false},"featured_media":367,"comment_status":"open","ping_status":"closed","template":"","meta":{"_et_pb_use_builder":"","_et_pb_old_content":"","_et_gb_content_width":""},"product_brand":[],"product_cat":[17],"product_tag":[],"class_list":{"0":"post-20","1":"product","2":"type-product","3":"status-publish","4":"has-post-thumbnail","6":"product_cat-koruzni-proizvodi","8":"first","9":"outofstock","10":"shipping-taxable","11":"purchasable","12":"product-type-simple"},"yoast_head":"<!-- This site is optimized with the Yoast SEO plugin v26.4 - https:\/\/yoast.com\/wordpress\/plugins\/seo\/ -->\n<title>Ekolo\u0161ki koruzni zdrob 1000 g -Trnulja.com<\/title>\n<meta name=\"description\" content=\"Ekolo\u0161ki koruzni zdrob 1000 gr - iz certificirane ekolo\u0161ke pridelave. Brez konzervansov. Najvi\u0161ja kakovost ekolo\u0161kega zdroba zagotavlja polnost okusa.\" \/>\n<meta name=\"robots\" content=\"index, follow, max-snippet:-1, max-image-preview:large, max-video-preview:-1\" \/>\n<link rel=\"canonical\" href=\"https:\/\/trnulja.com\/shop\/izdelek\/ekoloski-koruzni-zdrob-1000-g\/\" \/>\n<meta property=\"og:locale\" content=\"sl_SI\" \/>\n<meta property=\"og:type\" content=\"article\" \/>\n<meta property=\"og:title\" content=\"Ekolo\u0161ki koruzni zdrob 1000 g -Trnulja.com\" \/>\n<meta property=\"og:description\" content=\"Ekolo\u0161ki koruzni zdrob 1000 gr - iz certificirane ekolo\u0161ke pridelave. Brez konzervansov. Najvi\u0161ja kakovost ekolo\u0161kega zdroba zagotavlja polnost okusa.\" \/>\n<meta property=\"og:url\" content=\"https:\/\/trnulja.com\/shop\/izdelek\/ekoloski-koruzni-zdrob-1000-g\/\" \/>\n<meta property=\"og:site_name\" content=\"Trnuljina spletna trgovina\" \/>\n<meta property=\"article:modified_time\" content=\"2025-11-18T10:08:56+00:00\" \/>\n<meta property=\"og:image\" content=\"https:\/\/trnulja.com\/shop\/wp-content\/uploads\/2021\/02\/koruzni-zdrob-web.jpg\" \/>\n\t<meta property=\"og:image:width\" content=\"1000\" \/>\n\t<meta property=\"og:image:height\" content=\"1000\" \/>\n\t<meta property=\"og:image:type\" content=\"image\/jpeg\" \/>\n<meta name=\"twitter:card\" content=\"summary_large_image\" \/>\n<meta name=\"twitter:label1\" content=\"Est. reading time\" \/>\n\t<meta name=\"twitter:data1\" content=\"3 minute\" \/>\n<script type=\"application\/ld+json\" class=\"yoast-schema-graph\">{\"@context\":\"https:\/\/schema.org\",\"@graph\":[{\"@type\":\"WebPage\",\"@id\":\"https:\/\/trnulja.com\/shop\/izdelek\/ekoloski-koruzni-zdrob-1000-g\/\",\"url\":\"https:\/\/trnulja.com\/shop\/izdelek\/ekoloski-koruzni-zdrob-1000-g\/\",\"name\":\"Ekolo\u0161ki koruzni zdrob 1000 g -Trnulja.com\",\"isPartOf\":{\"@id\":\"https:\/\/trnulja.com\/shop\/#website\"},\"primaryImageOfPage\":{\"@id\":\"https:\/\/trnulja.com\/shop\/izdelek\/ekoloski-koruzni-zdrob-1000-g\/#primaryimage\"},\"image\":{\"@id\":\"https:\/\/trnulja.com\/shop\/izdelek\/ekoloski-koruzni-zdrob-1000-g\/#primaryimage\"},\"thumbnailUrl\":\"https:\/\/trnulja.com\/shop\/wp-content\/uploads\/2021\/02\/koruzni-zdrob-web.jpg\",\"datePublished\":\"2021-02-02T08:14:48+00:00\",\"dateModified\":\"2025-11-18T10:08:56+00:00\",\"description\":\"Ekolo\u0161ki koruzni zdrob 1000 gr - iz certificirane ekolo\u0161ke pridelave. Brez konzervansov. Najvi\u0161ja kakovost ekolo\u0161kega zdroba zagotavlja polnost okusa.\",\"breadcrumb\":{\"@id\":\"https:\/\/trnulja.com\/shop\/izdelek\/ekoloski-koruzni-zdrob-1000-g\/#breadcrumb\"},\"inLanguage\":\"sl-SI\",\"potentialAction\":[{\"@type\":\"ReadAction\",\"target\":[\"https:\/\/trnulja.com\/shop\/izdelek\/ekoloski-koruzni-zdrob-1000-g\/\"]}]},{\"@type\":\"ImageObject\",\"inLanguage\":\"sl-SI\",\"@id\":\"https:\/\/trnulja.com\/shop\/izdelek\/ekoloski-koruzni-zdrob-1000-g\/#primaryimage\",\"url\":\"https:\/\/trnulja.com\/shop\/wp-content\/uploads\/2021\/02\/koruzni-zdrob-web.jpg\",\"contentUrl\":\"https:\/\/trnulja.com\/shop\/wp-content\/uploads\/2021\/02\/koruzni-zdrob-web.jpg\",\"width\":1000,\"height\":1000},{\"@type\":\"BreadcrumbList\",\"@id\":\"https:\/\/trnulja.com\/shop\/izdelek\/ekoloski-koruzni-zdrob-1000-g\/#breadcrumb\",\"itemListElement\":[{\"@type\":\"ListItem\",\"position\":1,\"name\":\"Home\",\"item\":\"https:\/\/trnulja.com\/shop\/\"},{\"@type\":\"ListItem\",\"position\":2,\"name\":\"Trgovina\",\"item\":\"https:\/\/trnulja.com\/shop\/?page_id=6\"},{\"@type\":\"ListItem\",\"position\":3,\"name\":\"Ekolo\u0161ki koruzni zdrob 1000 g\"}]},{\"@type\":\"WebSite\",\"@id\":\"https:\/\/trnulja.com\/shop\/#website\",\"url\":\"https:\/\/trnulja.com\/shop\/\",\"name\":\"Trnuljina spletna trgovina\",\"description\":\"\u0160e eno spleti\u0161\u010de WordPress\",\"potentialAction\":[{\"@type\":\"SearchAction\",\"target\":{\"@type\":\"EntryPoint\",\"urlTemplate\":\"https:\/\/trnulja.com\/shop\/?s={search_term_string}\"},\"query-input\":{\"@type\":\"PropertyValueSpecification\",\"valueRequired\":true,\"valueName\":\"search_term_string\"}}],\"inLanguage\":\"sl-SI\"}]}<\/script>\n<!-- \/ Yoast SEO plugin. -->","yoast_head_json":{"title":"Ekolo\u0161ki koruzni zdrob 1000 g -Trnulja.com","description":"Ekolo\u0161ki koruzni zdrob 1000 gr - iz certificirane ekolo\u0161ke pridelave. Brez konzervansov. Najvi\u0161ja kakovost ekolo\u0161kega zdroba zagotavlja polnost okusa.","robots":{"index":"index","follow":"follow","max-snippet":"max-snippet:-1","max-image-preview":"max-image-preview:large","max-video-preview":"max-video-preview:-1"},"canonical":"https:\/\/trnulja.com\/shop\/izdelek\/ekoloski-koruzni-zdrob-1000-g\/","og_locale":"sl_SI","og_type":"article","og_title":"Ekolo\u0161ki koruzni zdrob 1000 g -Trnulja.com","og_description":"Ekolo\u0161ki koruzni zdrob 1000 gr - iz certificirane ekolo\u0161ke pridelave. Brez konzervansov. Najvi\u0161ja kakovost ekolo\u0161kega zdroba zagotavlja polnost okusa.","og_url":"https:\/\/trnulja.com\/shop\/izdelek\/ekoloski-koruzni-zdrob-1000-g\/","og_site_name":"Trnuljina spletna trgovina","article_modified_time":"2025-11-18T10:08:56+00:00","og_image":[{"width":1000,"height":1000,"url":"https:\/\/trnulja.com\/shop\/wp-content\/uploads\/2021\/02\/koruzni-zdrob-web.jpg","type":"image\/jpeg"}],"twitter_card":"summary_large_image","twitter_misc":{"Est. reading time":"3 minute"},"schema":{"@context":"https:\/\/schema.org","@graph":[{"@type":"WebPage","@id":"https:\/\/trnulja.com\/shop\/izdelek\/ekoloski-koruzni-zdrob-1000-g\/","url":"https:\/\/trnulja.com\/shop\/izdelek\/ekoloski-koruzni-zdrob-1000-g\/","name":"Ekolo\u0161ki koruzni zdrob 1000 g -Trnulja.com","isPartOf":{"@id":"https:\/\/trnulja.com\/shop\/#website"},"primaryImageOfPage":{"@id":"https:\/\/trnulja.com\/shop\/izdelek\/ekoloski-koruzni-zdrob-1000-g\/#primaryimage"},"image":{"@id":"https:\/\/trnulja.com\/shop\/izdelek\/ekoloski-koruzni-zdrob-1000-g\/#primaryimage"},"thumbnailUrl":"https:\/\/trnulja.com\/shop\/wp-content\/uploads\/2021\/02\/koruzni-zdrob-web.jpg","datePublished":"2021-02-02T08:14:48+00:00","dateModified":"2025-11-18T10:08:56+00:00","description":"Ekolo\u0161ki koruzni zdrob 1000 gr - iz certificirane ekolo\u0161ke pridelave. Brez konzervansov. Najvi\u0161ja kakovost ekolo\u0161kega zdroba zagotavlja polnost okusa.","breadcrumb":{"@id":"https:\/\/trnulja.com\/shop\/izdelek\/ekoloski-koruzni-zdrob-1000-g\/#breadcrumb"},"inLanguage":"sl-SI","potentialAction":[{"@type":"ReadAction","target":["https:\/\/trnulja.com\/shop\/izdelek\/ekoloski-koruzni-zdrob-1000-g\/"]}]},{"@type":"ImageObject","inLanguage":"sl-SI","@id":"https:\/\/trnulja.com\/shop\/izdelek\/ekoloski-koruzni-zdrob-1000-g\/#primaryimage","url":"https:\/\/trnulja.com\/shop\/wp-content\/uploads\/2021\/02\/koruzni-zdrob-web.jpg","contentUrl":"https:\/\/trnulja.com\/shop\/wp-content\/uploads\/2021\/02\/koruzni-zdrob-web.jpg","width":1000,"height":1000},{"@type":"BreadcrumbList","@id":"https:\/\/trnulja.com\/shop\/izdelek\/ekoloski-koruzni-zdrob-1000-g\/#breadcrumb","itemListElement":[{"@type":"ListItem","position":1,"name":"Home","item":"https:\/\/trnulja.com\/shop\/"},{"@type":"ListItem","position":2,"name":"Trgovina","item":"https:\/\/trnulja.com\/shop\/?page_id=6"},{"@type":"ListItem","position":3,"name":"Ekolo\u0161ki koruzni zdrob 1000 g"}]},{"@type":"WebSite","@id":"https:\/\/trnulja.com\/shop\/#website","url":"https:\/\/trnulja.com\/shop\/","name":"Trnuljina spletna trgovina","description":"\u0160e eno spleti\u0161\u010de WordPress","potentialAction":[{"@type":"SearchAction","target":{"@type":"EntryPoint","urlTemplate":"https:\/\/trnulja.com\/shop\/?s={search_term_string}"},"query-input":{"@type":"PropertyValueSpecification","valueRequired":true,"valueName":"search_term_string"}}],"inLanguage":"sl-SI"}]}},"_links":{"self":[{"href":"https:\/\/trnulja.com\/shop\/wp-json\/wp\/v2\/product\/20","targetHints":{"allow":["GET"]}}],"collection":[{"href":"https:\/\/trnulja.com\/shop\/wp-json\/wp\/v2\/product"}],"about":[{"href":"https:\/\/trnulja.com\/shop\/wp-json\/wp\/v2\/types\/product"}],"replies":[{"embeddable":true,"href":"https:\/\/trnulja.com\/shop\/wp-json\/wp\/v2\/comments?post=20"}],"wp:featuredmedia":[{"embeddable":true,"href":"https:\/\/trnulja.com\/shop\/wp-json\/wp\/v2\/media\/367"}],"wp:attachment":[{"href":"https:\/\/trnulja.com\/shop\/wp-json\/wp\/v2\/media?parent=20"}],"wp:term":[{"taxonomy":"product_brand","embeddable":true,"href":"https:\/\/trnulja.com\/shop\/wp-json\/wp\/v2\/product_brand?post=20"},{"taxonomy":"product_cat","embeddable":true,"href":"https:\/\/trnulja.com\/shop\/wp-json\/wp\/v2\/product_cat?post=20"},{"taxonomy":"product_tag","embeddable":true,"href":"https:\/\/trnulja.com\/shop\/wp-json\/wp\/v2\/product_tag?post=20"}],"curies":[{"name":"wp","href":"https:\/\/api.w.org\/{rel}","templated":true}]}}