{"id":25,"date":"2021-02-02T09:18:16","date_gmt":"2021-02-02T08:18:16","guid":{"rendered":"http:\/\/trnulja.com\/shop\/?post_type=product&#038;p=25"},"modified":"2025-11-18T11:02:23","modified_gmt":"2025-11-18T10:02:23","slug":"soja-v-zrnju-2000-g","status":"publish","type":"product","link":"https:\/\/trnulja.com\/shop\/izdelek\/soja-v-zrnju-2000-g\/","title":{"rendered":"Ekolo\u0161ka soja v zrnju 2000 g"},"content":{"rendered":"<p><strong>Ekolo\u0161ka soja v zrnju 2000 g<\/strong>\u00a0iz kontrolirane ekolo\u0161ke pridelave.<\/p>\n<p><strong>Soja\u00a0<\/strong><em>(Glycine max)<\/em> je stro\u010dnica, ki izvira iz vzhodne Azije, kjer je bila ena izmed klju\u010dnih polj\u0161\u010din, hkrati je tam tudi izredno uporabna.<\/p>\n<h3>Ekolo\u0161ka soja v zrnju 2000 g &#8211; uporaba v prehrani<\/h3>\n<p>V prehrani se soja uporablja \u017ee ve\u010d tiso\u010d let, gojiti so jo za\u010deli pred ve\u010d kot 7000 leti. Poleg celega zrna, ki se u\u017eiva tako kot fi\u017eol ali druge stro\u010dnice, iz soje izdelujejo tudi druge produkte, kot so na primer sojina omaka, tofu, tempeh, sojino olje, sojino maslo, sojina moka ter mesni (sojino meso, sojini polpeti) in mle\u010dni nadomestki (sojino mleko, jogurt).<\/p>\n<p>Sojo lahko skuhate in u\u017eivate tako kot ostale stro\u010dnice. Kuhana <strong>soja v zrnju 2000 g <\/strong>se lahko uporabi kot dodatek solatam, juham, enolon\u010dnicam ali jo u\u017eivate samostojno. Iz soje lahko naredite okusne namaze ali pripravite doma\u010d tofu, sojino mleko in druge sojine izdelke.<\/p>\n<h3>Priprava<\/h3>\n<p>Pred kuhanjem <strong>sojo<\/strong> \u010dez no\u010d namo\u010dite v hladni vodi. Sojina zrna nato sperite pod teko\u010do vodo in jih 50-60 minut kuhajte v neosoljeni vodi. Ko je soja kuhana, jo \u0161e solite po okusu. Po odprtju izdelek dobro zaprite in hranite na suhem, hladnem in temnem mestu, saj bo tako izdelek ohranil svojo kvaliteto tudi po odprtju.<\/p>\n<h3>Koristi, ki jih prina\u0161a soja<\/h3>\n<p>Soja je enoletnica s stroki, v katerih sta od dve do pet okroglih zrn rumene, rumeno zelene ali rjave barve. Zrno vsebuje od 36 do 40 % proteinov, od 15 do 23 % olj, pribli\u017eno 34 % ogljikovih hidratov, od 3 do 6 % mineralnih snovi (kalcij, fosfor, magnezij, \u017eelezo &#8230;) in vitaminov (B, E in drugi).<\/p>\n<p><em>Raziskave:<\/em><\/p>\n<p>Po raziskavi o vplivu soje na menopavzo velja, da so med Japonkami, ki u\u017eivajo veliko soje, te\u017eave v menopavzi zelo redke. Izsledki raziskave v Bologni ka\u017eejo, da so \u017eenske v menopavzi, ki so tri mesece u\u017eivale po 60 g sojinih beljakovin na dan, imele manj vro\u010dinskih oblivov in so se pono\u010di manj znojile. Izoflavoni v soji bla\u017eijo posledice zni\u017eanja naravne ravni estrogena.<\/p>\n<p>Prav tako raziskave ka\u017eejo, da imajo \u0161tevilne sestavine soje antikancerogeni u\u010dinek. Soja je prehranski vir izoflavonov, \u0161e posebej genisteina in daidzeina. Ti dve vrsti izoflavonov v telesu delujeta kot \u0161ibek estrogen, saj se lahko kosata z mo\u010dnej\u0161imi naravnimi oblikami estrogena, in tako pomagata prepre\u010devati tiste vrste raka, ki so povezane s hormoni; na primer rak dojk in prostate.<\/p>\n","protected":false},"excerpt":{"rendered":"<ul>\n<li>zagotovljena sledljivost od njive do mize<\/li>\n<li>ekolo\u0161ko pridelana<\/li>\n<li>pre\u010di\u0161\u010dena<\/li>\n<li>nikoli obdelana na temperaturi preko 40 stopinj Celzija<\/li>\n<li>suha pod 13% vla\u017enosti<\/li>\n<\/ul>\n","protected":false},"featured_media":371,"comment_status":"open","ping_status":"closed","template":"","meta":{"_et_pb_use_builder":"","_et_pb_old_content":"","_et_gb_content_width":""},"product_brand":[],"product_cat":[18],"product_tag":[],"class_list":{"0":"post-25","1":"product","2":"type-product","3":"status-publish","4":"has-post-thumbnail","6":"product_cat-sojini-proizvodi","8":"first","9":"outofstock","10":"shipping-taxable","11":"purchasable","12":"product-type-simple"},"yoast_head":"<!-- This site is optimized with the Yoast SEO plugin v26.4 - https:\/\/yoast.com\/wordpress\/plugins\/seo\/ -->\n<title>Ekolo\u0161ka soja v zrnju 2000 g - Trnulja.com<\/title>\n<meta name=\"description\" content=\"Ekolo\u0161ka soja v zrnju 2000 g ekolo\u0161ko pridelana, pre\u010di\u0161\u010dena. Kuhana se lahko uporabi kot dodatek solatam, juham, enolon\u010dnicam, za tofu, namaze ipd.\" \/>\n<meta name=\"robots\" content=\"index, follow, max-snippet:-1, max-image-preview:large, max-video-preview:-1\" \/>\n<link rel=\"canonical\" href=\"https:\/\/trnulja.com\/shop\/izdelek\/soja-v-zrnju-2000-g\/\" \/>\n<meta property=\"og:locale\" content=\"sl_SI\" \/>\n<meta property=\"og:type\" content=\"article\" \/>\n<meta property=\"og:title\" content=\"Ekolo\u0161ka soja v zrnju 2000 g - Trnulja.com\" \/>\n<meta property=\"og:description\" content=\"Ekolo\u0161ka soja v zrnju 2000 g ekolo\u0161ko pridelana, pre\u010di\u0161\u010dena. Kuhana se lahko uporabi kot dodatek solatam, juham, enolon\u010dnicam, za tofu, namaze ipd.\" \/>\n<meta property=\"og:url\" content=\"https:\/\/trnulja.com\/shop\/izdelek\/soja-v-zrnju-2000-g\/\" \/>\n<meta property=\"og:site_name\" content=\"Trnuljina spletna trgovina\" \/>\n<meta property=\"article:modified_time\" content=\"2025-11-18T10:02:23+00:00\" \/>\n<meta property=\"og:image\" content=\"https:\/\/trnulja.com\/shop\/wp-content\/uploads\/2021\/02\/soja-v-zrnju-web.jpg\" \/>\n\t<meta property=\"og:image:width\" content=\"1000\" \/>\n\t<meta property=\"og:image:height\" content=\"1000\" \/>\n\t<meta property=\"og:image:type\" content=\"image\/jpeg\" \/>\n<meta name=\"twitter:card\" content=\"summary_large_image\" \/>\n<meta name=\"twitter:label1\" content=\"Est. reading time\" \/>\n\t<meta name=\"twitter:data1\" content=\"3 minute\" \/>\n<script type=\"application\/ld+json\" class=\"yoast-schema-graph\">{\"@context\":\"https:\/\/schema.org\",\"@graph\":[{\"@type\":\"WebPage\",\"@id\":\"https:\/\/trnulja.com\/shop\/izdelek\/soja-v-zrnju-2000-g\/\",\"url\":\"https:\/\/trnulja.com\/shop\/izdelek\/soja-v-zrnju-2000-g\/\",\"name\":\"Ekolo\u0161ka soja v zrnju 2000 g - Trnulja.com\",\"isPartOf\":{\"@id\":\"https:\/\/trnulja.com\/shop\/#website\"},\"primaryImageOfPage\":{\"@id\":\"https:\/\/trnulja.com\/shop\/izdelek\/soja-v-zrnju-2000-g\/#primaryimage\"},\"image\":{\"@id\":\"https:\/\/trnulja.com\/shop\/izdelek\/soja-v-zrnju-2000-g\/#primaryimage\"},\"thumbnailUrl\":\"https:\/\/trnulja.com\/shop\/wp-content\/uploads\/2021\/02\/soja-v-zrnju-web.jpg\",\"datePublished\":\"2021-02-02T08:18:16+00:00\",\"dateModified\":\"2025-11-18T10:02:23+00:00\",\"description\":\"Ekolo\u0161ka soja v zrnju 2000 g ekolo\u0161ko pridelana, pre\u010di\u0161\u010dena. Kuhana se lahko uporabi kot dodatek solatam, juham, enolon\u010dnicam, za tofu, namaze ipd.\",\"breadcrumb\":{\"@id\":\"https:\/\/trnulja.com\/shop\/izdelek\/soja-v-zrnju-2000-g\/#breadcrumb\"},\"inLanguage\":\"sl-SI\",\"potentialAction\":[{\"@type\":\"ReadAction\",\"target\":[\"https:\/\/trnulja.com\/shop\/izdelek\/soja-v-zrnju-2000-g\/\"]}]},{\"@type\":\"ImageObject\",\"inLanguage\":\"sl-SI\",\"@id\":\"https:\/\/trnulja.com\/shop\/izdelek\/soja-v-zrnju-2000-g\/#primaryimage\",\"url\":\"https:\/\/trnulja.com\/shop\/wp-content\/uploads\/2021\/02\/soja-v-zrnju-web.jpg\",\"contentUrl\":\"https:\/\/trnulja.com\/shop\/wp-content\/uploads\/2021\/02\/soja-v-zrnju-web.jpg\",\"width\":1000,\"height\":1000},{\"@type\":\"BreadcrumbList\",\"@id\":\"https:\/\/trnulja.com\/shop\/izdelek\/soja-v-zrnju-2000-g\/#breadcrumb\",\"itemListElement\":[{\"@type\":\"ListItem\",\"position\":1,\"name\":\"Home\",\"item\":\"https:\/\/trnulja.com\/shop\/\"},{\"@type\":\"ListItem\",\"position\":2,\"name\":\"Trgovina\",\"item\":\"https:\/\/trnulja.com\/shop\/?page_id=6\"},{\"@type\":\"ListItem\",\"position\":3,\"name\":\"Ekolo\u0161ka soja v zrnju 2000 g\"}]},{\"@type\":\"WebSite\",\"@id\":\"https:\/\/trnulja.com\/shop\/#website\",\"url\":\"https:\/\/trnulja.com\/shop\/\",\"name\":\"Trnuljina spletna trgovina\",\"description\":\"\u0160e eno spleti\u0161\u010de WordPress\",\"potentialAction\":[{\"@type\":\"SearchAction\",\"target\":{\"@type\":\"EntryPoint\",\"urlTemplate\":\"https:\/\/trnulja.com\/shop\/?s={search_term_string}\"},\"query-input\":{\"@type\":\"PropertyValueSpecification\",\"valueRequired\":true,\"valueName\":\"search_term_string\"}}],\"inLanguage\":\"sl-SI\"}]}<\/script>\n<!-- \/ Yoast SEO plugin. -->","yoast_head_json":{"title":"Ekolo\u0161ka soja v zrnju 2000 g - Trnulja.com","description":"Ekolo\u0161ka soja v zrnju 2000 g ekolo\u0161ko pridelana, pre\u010di\u0161\u010dena. Kuhana se lahko uporabi kot dodatek solatam, juham, enolon\u010dnicam, za tofu, namaze ipd.","robots":{"index":"index","follow":"follow","max-snippet":"max-snippet:-1","max-image-preview":"max-image-preview:large","max-video-preview":"max-video-preview:-1"},"canonical":"https:\/\/trnulja.com\/shop\/izdelek\/soja-v-zrnju-2000-g\/","og_locale":"sl_SI","og_type":"article","og_title":"Ekolo\u0161ka soja v zrnju 2000 g - Trnulja.com","og_description":"Ekolo\u0161ka soja v zrnju 2000 g ekolo\u0161ko pridelana, pre\u010di\u0161\u010dena. Kuhana se lahko uporabi kot dodatek solatam, juham, enolon\u010dnicam, za tofu, namaze ipd.","og_url":"https:\/\/trnulja.com\/shop\/izdelek\/soja-v-zrnju-2000-g\/","og_site_name":"Trnuljina spletna trgovina","article_modified_time":"2025-11-18T10:02:23+00:00","og_image":[{"width":1000,"height":1000,"url":"https:\/\/trnulja.com\/shop\/wp-content\/uploads\/2021\/02\/soja-v-zrnju-web.jpg","type":"image\/jpeg"}],"twitter_card":"summary_large_image","twitter_misc":{"Est. reading time":"3 minute"},"schema":{"@context":"https:\/\/schema.org","@graph":[{"@type":"WebPage","@id":"https:\/\/trnulja.com\/shop\/izdelek\/soja-v-zrnju-2000-g\/","url":"https:\/\/trnulja.com\/shop\/izdelek\/soja-v-zrnju-2000-g\/","name":"Ekolo\u0161ka soja v zrnju 2000 g - Trnulja.com","isPartOf":{"@id":"https:\/\/trnulja.com\/shop\/#website"},"primaryImageOfPage":{"@id":"https:\/\/trnulja.com\/shop\/izdelek\/soja-v-zrnju-2000-g\/#primaryimage"},"image":{"@id":"https:\/\/trnulja.com\/shop\/izdelek\/soja-v-zrnju-2000-g\/#primaryimage"},"thumbnailUrl":"https:\/\/trnulja.com\/shop\/wp-content\/uploads\/2021\/02\/soja-v-zrnju-web.jpg","datePublished":"2021-02-02T08:18:16+00:00","dateModified":"2025-11-18T10:02:23+00:00","description":"Ekolo\u0161ka soja v zrnju 2000 g ekolo\u0161ko pridelana, pre\u010di\u0161\u010dena. Kuhana se lahko uporabi kot dodatek solatam, juham, enolon\u010dnicam, za tofu, namaze ipd.","breadcrumb":{"@id":"https:\/\/trnulja.com\/shop\/izdelek\/soja-v-zrnju-2000-g\/#breadcrumb"},"inLanguage":"sl-SI","potentialAction":[{"@type":"ReadAction","target":["https:\/\/trnulja.com\/shop\/izdelek\/soja-v-zrnju-2000-g\/"]}]},{"@type":"ImageObject","inLanguage":"sl-SI","@id":"https:\/\/trnulja.com\/shop\/izdelek\/soja-v-zrnju-2000-g\/#primaryimage","url":"https:\/\/trnulja.com\/shop\/wp-content\/uploads\/2021\/02\/soja-v-zrnju-web.jpg","contentUrl":"https:\/\/trnulja.com\/shop\/wp-content\/uploads\/2021\/02\/soja-v-zrnju-web.jpg","width":1000,"height":1000},{"@type":"BreadcrumbList","@id":"https:\/\/trnulja.com\/shop\/izdelek\/soja-v-zrnju-2000-g\/#breadcrumb","itemListElement":[{"@type":"ListItem","position":1,"name":"Home","item":"https:\/\/trnulja.com\/shop\/"},{"@type":"ListItem","position":2,"name":"Trgovina","item":"https:\/\/trnulja.com\/shop\/?page_id=6"},{"@type":"ListItem","position":3,"name":"Ekolo\u0161ka soja v zrnju 2000 g"}]},{"@type":"WebSite","@id":"https:\/\/trnulja.com\/shop\/#website","url":"https:\/\/trnulja.com\/shop\/","name":"Trnuljina spletna trgovina","description":"\u0160e eno spleti\u0161\u010de WordPress","potentialAction":[{"@type":"SearchAction","target":{"@type":"EntryPoint","urlTemplate":"https:\/\/trnulja.com\/shop\/?s={search_term_string}"},"query-input":{"@type":"PropertyValueSpecification","valueRequired":true,"valueName":"search_term_string"}}],"inLanguage":"sl-SI"}]}},"_links":{"self":[{"href":"https:\/\/trnulja.com\/shop\/wp-json\/wp\/v2\/product\/25","targetHints":{"allow":["GET"]}}],"collection":[{"href":"https:\/\/trnulja.com\/shop\/wp-json\/wp\/v2\/product"}],"about":[{"href":"https:\/\/trnulja.com\/shop\/wp-json\/wp\/v2\/types\/product"}],"replies":[{"embeddable":true,"href":"https:\/\/trnulja.com\/shop\/wp-json\/wp\/v2\/comments?post=25"}],"wp:featuredmedia":[{"embeddable":true,"href":"https:\/\/trnulja.com\/shop\/wp-json\/wp\/v2\/media\/371"}],"wp:attachment":[{"href":"https:\/\/trnulja.com\/shop\/wp-json\/wp\/v2\/media?parent=25"}],"wp:term":[{"taxonomy":"product_brand","embeddable":true,"href":"https:\/\/trnulja.com\/shop\/wp-json\/wp\/v2\/product_brand?post=25"},{"taxonomy":"product_cat","embeddable":true,"href":"https:\/\/trnulja.com\/shop\/wp-json\/wp\/v2\/product_cat?post=25"},{"taxonomy":"product_tag","embeddable":true,"href":"https:\/\/trnulja.com\/shop\/wp-json\/wp\/v2\/product_tag?post=25"}],"curies":[{"name":"wp","href":"https:\/\/api.w.org\/{rel}","templated":true}]}}