{"id":900,"date":"2023-01-23T09:32:58","date_gmt":"2023-01-23T08:32:58","guid":{"rendered":"https:\/\/trnulja.com\/shop\/?post_type=product&#038;p=900"},"modified":"2025-11-18T10:50:54","modified_gmt":"2025-11-18T09:50:54","slug":"ekolosko-hladno-stiskano-soncnicno-olje-500-ml","status":"publish","type":"product","link":"https:\/\/trnulja.com\/shop\/izdelek\/ekolosko-hladno-stiskano-soncnicno-olje-500-ml\/","title":{"rendered":"Ekolo\u0161ko hladno stiskano son\u010dni\u010dno olje, 500 ml"},"content":{"rendered":"<p><span style=\"font-weight: 400\">Najbr\u017e son\u010dni\u010dno olje precej pogosto uporabljate pri kuhi. A zelo verjetno je, da to ni hladno stiskano son\u010dni\u010dno olje, kakr\u0161nega predelujemo na ekolo\u0161kem posestvu Trnulja. Pri na\u0161em olju med predelavo temperatura nikoli ne prese\u017ee 40 stopinj Celzija. Na ta na\u010din se ne izgubi bogatih arom in antioksidantov, ki varujejo tako olje kot na\u0161e celice pred oksidacijskimi procesi.<\/span><\/p>\n<p><span style=\"font-weight: 400\">A na\u0161e son\u010dni\u010dno olje ni posebno samo zato, ker je hladno stiskano. Pravo veljavo mu dajejo ekolo\u0161ke sestavine in trajnostni postopki pridelave in predelave. Son\u010dnice pridelujemo prav tu, na na\u0161em posestvu, in to po ekolo\u0161kih metodah v skladu z zahtevami certifikata kontrolirane ekolo\u0161ke pridelave.\u00a0<\/span><\/p>\n<p><span style=\"font-weight: 400\">Postopki predelave son\u010dni\u010dnih semen so zgolj mehanski, dodajanju kemi\u010dnih sredstev oz. konzervansov se strogo izogibamo. Na ta na\u010din nastane povsem naravno, nerafinirano in zelo okusno son\u010dni\u010dno olje na\u0161e blagovne znamke Trnulja.<\/span><\/p>\n<p>&nbsp;<\/p>\n<h2><b>Katera hranila se nahajajo v hladno stiskanem son\u010dni\u010dnem olju?<\/b><\/h2>\n<p><span style=\"font-weight: 400\">Ena \u017elica son\u010dni\u010dnega olja ima okoli 120 kalorij ter 3 grame beljakovin in 7 gramov ma\u0161\u010dob. Gre predvsem za nenasi\u010dene ma\u0161\u010dobne kisline, manj zdravih nasi\u010denih ma\u0161\u010dobnih kislin vsebuje zelo malo. V njem je najve\u010d linolne kisline ter nekaj oleinske kisline, poleg tega pa je tudi dober vir vitamina E, saj 100 g pokrije kar 517 odstotkov dnevnih potreb.<\/span><\/p>\n<p><span style=\"font-weight: 400\">Osnovna vloga vitamina E je njegovo antioksidativno delovanje. Vsebnost vitamina E pa ni pomembna zgolj za na\u0161e zdravje, temve\u010d tudi za dalj\u0161o obstojnost samega olja, saj upo\u010dasnjuje proces oksidacije ma\u0161\u010dob in s tem \u017earkost olja.<\/span><\/p>\n<p><span style=\"font-weight: 400\">Da bi ohranili kar najve\u010d hranil in arom na\u0161ega olja, ga <\/span><span style=\"font-weight: 400\">uporabljajte v hladnih jedeh, npr. v solatnih prelivih. Seveda pa ga lahko brez pomisleka segrejete in dodate kateri koli jedi po va\u0161em izboru, tudi pecivu.<\/span><\/p>\n<p>&nbsp;<\/p>\n<h2><b>Kako hladno stiskano son\u010dni\u010dno olje uporabiti tudi za nego ko\u017ee<\/b><\/h2>\n<p><span style=\"font-weight: 400\">Son\u010dni\u010dno olje je znano po svojih blagodejnih u\u010dinkih na ko\u017eo, saj je lahko, nemastno in ne ma\u0161i por. Ne povzro\u010da dra\u017eenja ter je primerno za vsak tip ko\u017ee.<\/span><\/p>\n<p><span style=\"font-weight: 400\">Vitamin E ter oleinska in linolna kislina so tisti, ki ko\u017ei \u0161e posebej dobro denejo. Vitamin E je antioksidant, zato ko\u017eo \u0161\u010diti pred prostimi radikali, odgovornimi za staranje ko\u017ee. Obe ma\u0161\u010dobni kislini pa ko\u017ei pomagata ohranjati naravno pregrado, ki poskrbi za zadr\u017eevanje vlage.<\/span><\/p>\n<p>&nbsp;<\/p>\n<p><i><span style=\"font-weight: 400\">Prave koristi son\u010dni\u010dnega olja boste ob\u010dutili samo, \u010de izberete ekolo\u0161ki izdelek, pripravljen s hladnim stiskanjem. Za nove dimenzije okusa in blagodejen ob\u010dutek na ko\u017ei preizkusite hladno stiskano son\u010dni\u010dno olje posestva Trnulja. Preverite tudi na\u0161e hladno stiskano son\u010dni\u010dno olje v\u00a0<a href=\"https:\/\/trnulja.com\/shop\/izdelek\/ekolosko-hladno-stiskano-soncnicno-olje-250-ml\/\">250-ml stekleni\u010dki<\/a> in\u00a0<a href=\"https:\/\/trnulja.com\/shop\/izdelek\/ekolosko-hladno-stiskano-soncnicno-olje-750-ml\/\">750-ml stekleni\u010dki<\/a>.<\/span><\/i><\/p>\n","protected":false},"excerpt":{"rendered":"<ul>\n<li>ekolo\u0161ko<\/li>\n<li>hladno stiskano<\/li>\n<li>jedilno<\/li>\n<li>nerafinirano, nefiltrirano<\/li>\n<li>trajnostno pridelano<\/li>\n<li>lokalna lastna pridelava in predelava<\/li>\n<li>brez dodanih konzervansov<\/li>\n<li>zelo okusno<\/li>\n<li>bogato z vitamini<\/li>\n<\/ul>\n","protected":false},"featured_media":901,"comment_status":"open","ping_status":"closed","template":"","meta":{"_et_pb_use_builder":"","_et_pb_old_content":"","_et_gb_content_width":""},"product_brand":[],"product_cat":[15],"product_tag":[],"class_list":{"0":"post-900","1":"product","2":"type-product","3":"status-publish","4":"has-post-thumbnail","6":"product_cat-ostalo","8":"first","9":"outofstock","10":"shipping-taxable","11":"purchasable","12":"product-type-simple"},"yoast_head":"<!-- This site is optimized with the Yoast SEO plugin v26.4 - https:\/\/yoast.com\/wordpress\/plugins\/seo\/ -->\n<title>Hladno stiskano son\u010dni\u010dno olje, 500 ml - Trnulja.com<\/title>\n<meta name=\"description\" content=\"Trnuljino hladno stiskano son\u010dni\u010dno olje je ekolo\u0161ko, nerafinirano ter popolnoma trajnostno pridelano. Pokusite ga in prepoznajte razliko!\" \/>\n<meta name=\"robots\" content=\"index, follow, max-snippet:-1, max-image-preview:large, max-video-preview:-1\" \/>\n<link rel=\"canonical\" href=\"https:\/\/trnulja.com\/shop\/izdelek\/ekolosko-hladno-stiskano-soncnicno-olje-500-ml\/\" \/>\n<meta property=\"og:locale\" content=\"sl_SI\" \/>\n<meta property=\"og:type\" content=\"article\" \/>\n<meta property=\"og:title\" content=\"Hladno stiskano son\u010dni\u010dno olje, 500 ml - Trnulja.com\" \/>\n<meta property=\"og:description\" content=\"Trnuljino hladno stiskano son\u010dni\u010dno olje je ekolo\u0161ko, nerafinirano ter popolnoma trajnostno pridelano. Pokusite ga in prepoznajte razliko!\" \/>\n<meta property=\"og:url\" content=\"https:\/\/trnulja.com\/shop\/izdelek\/ekolosko-hladno-stiskano-soncnicno-olje-500-ml\/\" \/>\n<meta property=\"og:site_name\" content=\"Trnuljina spletna trgovina\" \/>\n<meta property=\"article:modified_time\" content=\"2025-11-18T09:50:54+00:00\" \/>\n<meta property=\"og:image\" content=\"https:\/\/trnulja.com\/shop\/wp-content\/uploads\/2023\/01\/Soncnicno-olje-500ml.jpg\" \/>\n\t<meta property=\"og:image:width\" content=\"756\" \/>\n\t<meta property=\"og:image:height\" content=\"756\" \/>\n\t<meta property=\"og:image:type\" content=\"image\/jpeg\" \/>\n<meta name=\"twitter:card\" content=\"summary_large_image\" \/>\n<meta name=\"twitter:label1\" content=\"Est. reading time\" \/>\n\t<meta name=\"twitter:data1\" content=\"3 minute\" \/>\n<script type=\"application\/ld+json\" class=\"yoast-schema-graph\">{\"@context\":\"https:\/\/schema.org\",\"@graph\":[{\"@type\":\"WebPage\",\"@id\":\"https:\/\/trnulja.com\/shop\/izdelek\/ekolosko-hladno-stiskano-soncnicno-olje-500-ml\/\",\"url\":\"https:\/\/trnulja.com\/shop\/izdelek\/ekolosko-hladno-stiskano-soncnicno-olje-500-ml\/\",\"name\":\"Hladno stiskano son\u010dni\u010dno olje, 500 ml - Trnulja.com\",\"isPartOf\":{\"@id\":\"https:\/\/trnulja.com\/shop\/#website\"},\"primaryImageOfPage\":{\"@id\":\"https:\/\/trnulja.com\/shop\/izdelek\/ekolosko-hladno-stiskano-soncnicno-olje-500-ml\/#primaryimage\"},\"image\":{\"@id\":\"https:\/\/trnulja.com\/shop\/izdelek\/ekolosko-hladno-stiskano-soncnicno-olje-500-ml\/#primaryimage\"},\"thumbnailUrl\":\"https:\/\/trnulja.com\/shop\/wp-content\/uploads\/2023\/01\/Soncnicno-olje-500ml.jpg\",\"datePublished\":\"2023-01-23T08:32:58+00:00\",\"dateModified\":\"2025-11-18T09:50:54+00:00\",\"description\":\"Trnuljino hladno stiskano son\u010dni\u010dno olje je ekolo\u0161ko, nerafinirano ter popolnoma trajnostno pridelano. Pokusite ga in prepoznajte razliko!\",\"breadcrumb\":{\"@id\":\"https:\/\/trnulja.com\/shop\/izdelek\/ekolosko-hladno-stiskano-soncnicno-olje-500-ml\/#breadcrumb\"},\"inLanguage\":\"sl-SI\",\"potentialAction\":[{\"@type\":\"ReadAction\",\"target\":[\"https:\/\/trnulja.com\/shop\/izdelek\/ekolosko-hladno-stiskano-soncnicno-olje-500-ml\/\"]}]},{\"@type\":\"ImageObject\",\"inLanguage\":\"sl-SI\",\"@id\":\"https:\/\/trnulja.com\/shop\/izdelek\/ekolosko-hladno-stiskano-soncnicno-olje-500-ml\/#primaryimage\",\"url\":\"https:\/\/trnulja.com\/shop\/wp-content\/uploads\/2023\/01\/Soncnicno-olje-500ml.jpg\",\"contentUrl\":\"https:\/\/trnulja.com\/shop\/wp-content\/uploads\/2023\/01\/Soncnicno-olje-500ml.jpg\",\"width\":756,\"height\":756},{\"@type\":\"BreadcrumbList\",\"@id\":\"https:\/\/trnulja.com\/shop\/izdelek\/ekolosko-hladno-stiskano-soncnicno-olje-500-ml\/#breadcrumb\",\"itemListElement\":[{\"@type\":\"ListItem\",\"position\":1,\"name\":\"Home\",\"item\":\"https:\/\/trnulja.com\/shop\/\"},{\"@type\":\"ListItem\",\"position\":2,\"name\":\"Trgovina\",\"item\":\"https:\/\/trnulja.com\/shop\/?page_id=6\"},{\"@type\":\"ListItem\",\"position\":3,\"name\":\"Ekolo\u0161ko hladno stiskano son\u010dni\u010dno olje, 500 ml\"}]},{\"@type\":\"WebSite\",\"@id\":\"https:\/\/trnulja.com\/shop\/#website\",\"url\":\"https:\/\/trnulja.com\/shop\/\",\"name\":\"Trnuljina spletna trgovina\",\"description\":\"\u0160e eno spleti\u0161\u010de WordPress\",\"potentialAction\":[{\"@type\":\"SearchAction\",\"target\":{\"@type\":\"EntryPoint\",\"urlTemplate\":\"https:\/\/trnulja.com\/shop\/?s={search_term_string}\"},\"query-input\":{\"@type\":\"PropertyValueSpecification\",\"valueRequired\":true,\"valueName\":\"search_term_string\"}}],\"inLanguage\":\"sl-SI\"}]}<\/script>\n<!-- \/ Yoast SEO plugin. -->","yoast_head_json":{"title":"Hladno stiskano son\u010dni\u010dno olje, 500 ml - Trnulja.com","description":"Trnuljino hladno stiskano son\u010dni\u010dno olje je ekolo\u0161ko, nerafinirano ter popolnoma trajnostno pridelano. Pokusite ga in prepoznajte razliko!","robots":{"index":"index","follow":"follow","max-snippet":"max-snippet:-1","max-image-preview":"max-image-preview:large","max-video-preview":"max-video-preview:-1"},"canonical":"https:\/\/trnulja.com\/shop\/izdelek\/ekolosko-hladno-stiskano-soncnicno-olje-500-ml\/","og_locale":"sl_SI","og_type":"article","og_title":"Hladno stiskano son\u010dni\u010dno olje, 500 ml - Trnulja.com","og_description":"Trnuljino hladno stiskano son\u010dni\u010dno olje je ekolo\u0161ko, nerafinirano ter popolnoma trajnostno pridelano. Pokusite ga in prepoznajte razliko!","og_url":"https:\/\/trnulja.com\/shop\/izdelek\/ekolosko-hladno-stiskano-soncnicno-olje-500-ml\/","og_site_name":"Trnuljina spletna trgovina","article_modified_time":"2025-11-18T09:50:54+00:00","og_image":[{"width":756,"height":756,"url":"https:\/\/trnulja.com\/shop\/wp-content\/uploads\/2023\/01\/Soncnicno-olje-500ml.jpg","type":"image\/jpeg"}],"twitter_card":"summary_large_image","twitter_misc":{"Est. reading time":"3 minute"},"schema":{"@context":"https:\/\/schema.org","@graph":[{"@type":"WebPage","@id":"https:\/\/trnulja.com\/shop\/izdelek\/ekolosko-hladno-stiskano-soncnicno-olje-500-ml\/","url":"https:\/\/trnulja.com\/shop\/izdelek\/ekolosko-hladno-stiskano-soncnicno-olje-500-ml\/","name":"Hladno stiskano son\u010dni\u010dno olje, 500 ml - Trnulja.com","isPartOf":{"@id":"https:\/\/trnulja.com\/shop\/#website"},"primaryImageOfPage":{"@id":"https:\/\/trnulja.com\/shop\/izdelek\/ekolosko-hladno-stiskano-soncnicno-olje-500-ml\/#primaryimage"},"image":{"@id":"https:\/\/trnulja.com\/shop\/izdelek\/ekolosko-hladno-stiskano-soncnicno-olje-500-ml\/#primaryimage"},"thumbnailUrl":"https:\/\/trnulja.com\/shop\/wp-content\/uploads\/2023\/01\/Soncnicno-olje-500ml.jpg","datePublished":"2023-01-23T08:32:58+00:00","dateModified":"2025-11-18T09:50:54+00:00","description":"Trnuljino hladno stiskano son\u010dni\u010dno olje je ekolo\u0161ko, nerafinirano ter popolnoma trajnostno pridelano. Pokusite ga in prepoznajte razliko!","breadcrumb":{"@id":"https:\/\/trnulja.com\/shop\/izdelek\/ekolosko-hladno-stiskano-soncnicno-olje-500-ml\/#breadcrumb"},"inLanguage":"sl-SI","potentialAction":[{"@type":"ReadAction","target":["https:\/\/trnulja.com\/shop\/izdelek\/ekolosko-hladno-stiskano-soncnicno-olje-500-ml\/"]}]},{"@type":"ImageObject","inLanguage":"sl-SI","@id":"https:\/\/trnulja.com\/shop\/izdelek\/ekolosko-hladno-stiskano-soncnicno-olje-500-ml\/#primaryimage","url":"https:\/\/trnulja.com\/shop\/wp-content\/uploads\/2023\/01\/Soncnicno-olje-500ml.jpg","contentUrl":"https:\/\/trnulja.com\/shop\/wp-content\/uploads\/2023\/01\/Soncnicno-olje-500ml.jpg","width":756,"height":756},{"@type":"BreadcrumbList","@id":"https:\/\/trnulja.com\/shop\/izdelek\/ekolosko-hladno-stiskano-soncnicno-olje-500-ml\/#breadcrumb","itemListElement":[{"@type":"ListItem","position":1,"name":"Home","item":"https:\/\/trnulja.com\/shop\/"},{"@type":"ListItem","position":2,"name":"Trgovina","item":"https:\/\/trnulja.com\/shop\/?page_id=6"},{"@type":"ListItem","position":3,"name":"Ekolo\u0161ko hladno stiskano son\u010dni\u010dno olje, 500 ml"}]},{"@type":"WebSite","@id":"https:\/\/trnulja.com\/shop\/#website","url":"https:\/\/trnulja.com\/shop\/","name":"Trnuljina spletna trgovina","description":"\u0160e eno spleti\u0161\u010de WordPress","potentialAction":[{"@type":"SearchAction","target":{"@type":"EntryPoint","urlTemplate":"https:\/\/trnulja.com\/shop\/?s={search_term_string}"},"query-input":{"@type":"PropertyValueSpecification","valueRequired":true,"valueName":"search_term_string"}}],"inLanguage":"sl-SI"}]}},"_links":{"self":[{"href":"https:\/\/trnulja.com\/shop\/wp-json\/wp\/v2\/product\/900","targetHints":{"allow":["GET"]}}],"collection":[{"href":"https:\/\/trnulja.com\/shop\/wp-json\/wp\/v2\/product"}],"about":[{"href":"https:\/\/trnulja.com\/shop\/wp-json\/wp\/v2\/types\/product"}],"replies":[{"embeddable":true,"href":"https:\/\/trnulja.com\/shop\/wp-json\/wp\/v2\/comments?post=900"}],"wp:featuredmedia":[{"embeddable":true,"href":"https:\/\/trnulja.com\/shop\/wp-json\/wp\/v2\/media\/901"}],"wp:attachment":[{"href":"https:\/\/trnulja.com\/shop\/wp-json\/wp\/v2\/media?parent=900"}],"wp:term":[{"taxonomy":"product_brand","embeddable":true,"href":"https:\/\/trnulja.com\/shop\/wp-json\/wp\/v2\/product_brand?post=900"},{"taxonomy":"product_cat","embeddable":true,"href":"https:\/\/trnulja.com\/shop\/wp-json\/wp\/v2\/product_cat?post=900"},{"taxonomy":"product_tag","embeddable":true,"href":"https:\/\/trnulja.com\/shop\/wp-json\/wp\/v2\/product_tag?post=900"}],"curies":[{"name":"wp","href":"https:\/\/api.w.org\/{rel}","templated":true}]}}